 prime factors of 47933?
47933
What are the prime factors of 1998?
2, 3, 37
What are the prime factors of 2423?
2423
List the prime factors of 3091.
11, 281
List the prime factors of 748.
2, 11, 17
List the prime factors of 27240.
2, 3, 5, 227
List the prime factors of 35541.
3, 11, 359
List the prime factors of 1419.
3, 11, 43
List the prime factors of 18560.
2, 5, 29
What are the prime factors of 1320?
2, 3, 5, 11
List the prime factors of 33771.
3, 11257
What are the prime factors of 19982?
2, 97, 103
What are the prime factors of 14148?
2, 3, 131
What are the prime factors of 450?
2, 3, 5
List the prime factors of 19046.
2, 89, 107
List the prime factors of 4820.
2, 5, 241
List the prime factors of 848.
2, 53
What are the prime factors of 1417?
13, 109
List the prime factors of 21668.
2, 5417
What are the prime factors of 14002?
2, 7001
List the prime factors of 643.
643
What are the prime factors of 161?
7, 23
What are the prime factors of 618?
2, 3, 103
What are the prime factors of 874?
2, 19, 23
What are the prime factors of 27924?
2, 3, 13, 179
List the prime factors of 185676.
2, 3, 15473
List the prime factors of 2868.
2, 3, 239
List the prime factors of 74.
2, 37
List the prime factors of 44088.
2, 3, 11, 167
List the prime factors of 8763.
3, 23, 127
List the prime factors of 17162.
2, 8581
What are the prime factors of 114228?
2, 3, 19, 167
What are the prime factors of 5419?
5419
What are the prime factors of 31590?
2, 3, 5, 13
What are the prime factors of 4036?
2, 1009
What are the prime factors of 8813?
7, 1259
What are the prime factors of 14035?
5, 7, 401
What are the prime factors of 104766?
2, 3, 19, 919
List the prime factors of 44687.
44687
What are the prime factors of 77353?
103, 751
What are the prime factors of 75953?
151, 503
What are the prime factors of 8074?
2, 11, 367
What are the prime factors of 129467?
13, 23, 433
What are the prime factors of 9676?
2, 41, 59
List the prime factors of 3312.
2, 3, 23
List the prime factors of 19406.
2, 31, 313
What are the prime factors of 139?
139
List the prime factors of 16435.
5, 19, 173
What are the prime factors of 6403?
19, 337
What are the prime factors of 4148?
2, 17, 61
List the prime factors of 4071.
3, 23, 59
What are the prime factors of 243?
3
List the prime factors of 468.
2, 3, 13
List the prime factors of 17354.
2, 8677
List the prime factors of 157594.
2, 78797
What are the prime factors of 1037?
17, 61
List the prime factors of 36630.
2, 3, 5, 11, 37
List the prime factors of 103759.
19, 43, 127
What are the prime factors of 1828?
2, 457
What are the prime factors of 31151?
31151
List the prime factors of 25444.
2, 6361
List the prime factors of 2926.
2, 7, 11, 19
List the prime factors of 157.
157
List the prime factors of 39535.
5, 7907
What are the prime factors of 6494?
2, 17, 191
List the prime factors of 982.
2, 491
What are the prime factors of 13798?
2, 6899
List the prime factors of 10545.
3, 5, 19, 37
List the prime factors of 2267.
2267
List the prime factors of 2853.
3, 317
What are the prime factors of 3315?
3, 5, 13, 17
What are the prime factors of 11898?
2, 3, 661
List the prime factors of 31071.
3, 10357
What are the prime factors of 54853?
19, 2887
List the prime factors of 1355.
5, 271
List the prime factors of 50168.
2, 6271
List the prime factors of 9674.
2, 7, 691
What are the prime factors of 2772?
2, 3, 7, 11
List the prime factors of 11000.
2, 5, 11
What are the prime factors of 153220?
2, 5, 47, 163
What are the prime factors of 66?
2, 3, 11
What are the prime factors of 5238?
2, 3, 97
What are the prime factors of 27990?
2, 3, 5, 311
What are the prime factors of 43108?
2, 13, 829
List the prime factors of 50700.
2, 3, 5, 13
List the prime factors of 1377.
3, 17
List the prime factors of 16.
2
What are the prime factors of 696?
2, 3, 29
What are the prime factors of 11055?
3, 5, 11, 67
What are the prime factors of 5192?
2, 11, 59
List the prime factors of 7762.
2, 3881
List the prime factors of 451.
11, 41
List the prime factors of 5021.
5021
List the prime factors of 9856.
2, 7, 11
What are the prime factors of 5616?
2, 3, 13
List the prime factors of 12211.
12211
What are the prime factors of 553?
7, 79
What are the prime factors of 2612?
2, 653
List the prime factors of 31685.
5, 6337
List the prime factors of 16031.
17, 23, 41
List the prime factors of 1062.
2, 3, 59
What are the prime factors of 1957?
19, 103
What are the prime factors of 6648?
2, 3, 277
List the prime factors of 445.
5, 89
List the prime factors of 118.
2, 59
What are the prime factors of 6251?
7, 19, 47
What are the prime factors of 55262?
2, 27631
What are the prime factors of 11220?
2, 3, 5, 11, 17
List the prime factors of 7798.
2, 7, 557
What are the prime factors of 2987?
29, 103
List the prime factors of 1834.
2, 7, 131
List the prime factors of 553.
7, 79
List the prime factors of 5324.
2, 11
List the prime factors of 1192.
2, 149
What are the prime factors of 2707?
2707
What are the prime factors of 7228?
2, 13, 139
List the prime factors of 3560.
2, 5, 89
List the prime factors of 12837.
3, 11, 389
What are the prime factors of 23796?
2, 3, 661
What are the prime factors of 6093?
3, 677
List the prime factors of 91684.
2, 22921
What are the prime factors of 414?
2, 3, 23
List the prime factors of 1007.
19, 53
What are the prime factors of 13176?
2, 3, 61
List the prime factors of 43669.
43669
What are the prime factors of 895?
5, 179
List the prime factors of 1046.
2, 523
What are the prime factors of 19530?
2, 3, 5, 7, 31
List the prime factors of 15278.
2, 7639
List the prime factors of 19156.
2, 4789
List the prime factors of 1987.
1987
List the prime factors of 635.
5, 127
What are the prime factors of 126806?
2, 19, 47, 71
List the prime factors of 942.
2, 3, 157
List the prime factors of 3022.
2, 1511
What are the prime factors of 64?
2
List the prime factors of 5013.
3, 557
List the prime factors of 5430.
2, 3, 5, 181
What are the prime factors of 1270?
2, 5, 127
What are the prime factors of 23562?
2, 3, 7, 11, 17
List the prime factors of 89143.
97, 919
List the prime factors of 5599.
11, 509
List the prime factors of 24209.
43, 563
What are the prime factors of 19288?
2, 2411
List the prime factors of 27882.
2, 3, 1549
What are the prime factors of 413?
7, 59
What are the prime factors of 1872?
2, 3, 13
List the prime factors of 97.
97
List the prime factors of 17961.
3, 5987
List the prime factors of 1162.
2, 7, 83
What are the prime factors of 3335?
5, 23, 29
What are the prime factors of 160412?
2, 7, 17, 337
List the prime factors of 9961.
7, 1423
List the prime factors of 4948.
2, 1237
What are the prime factors of 1715?
5, 7
What are the prime factors of 2802?
2, 3, 467
List the prime factors of 139958.
2, 7, 13, 769
List the prime factors of 1129.
1129
What are the prime factors of 9765?
3, 5, 7, 31
What are the prime factors of 8078?
2, 7, 577
What are the prime factors of 2770?
2, 5, 277
What are the prime factors of 9633?
3, 13, 19
List the prime factors of 3772.
2, 23, 41
List the prime factors of 183.
3, 61
What are the prime factors of 3092?
2, 773
What are the prime factors of 96?
2, 3
What are the prime factors of 8746?
2, 4373
What are the prime factors of 24202?
2, 12101
What are the prime factors of 1965?
3, 5, 131
What are the prime factors of 6610?
2, 5, 661
What are the prime factors of 12517?
12517
What are the prime factors of 1651?
13, 127
List the prime factors of 670.
2, 5, 67
What are the prime factors of 11272?
2, 1409
List the prime factors of 14647.
97, 151
List the prime factors of 2642.
2, 1321
What are the prime factors of 2610?
2, 3, 5, 29
What are the prime factors of 4424?
2, 7, 79
List the prime factors of 8289.
3, 307
List the prime factors of 69355.
5, 11, 13, 97
What are the prime factors of 56?
2, 7
List the prime factors of 789.
3, 263
What are the prime factors of 22661?
17, 31, 43
List the prime factors of 8280.
2, 3, 5, 23
List the prime factors of 2382.
2, 3, 397
What are the prime factors of 2573?
31, 83
List the prime factors of 3164.
2, 7, 113
What are the prime factors of 937?
937
What are the prime factors of 1823?
1823
List the prime factors of 1984.
2, 31
What are the prime factor